{"id":39,"date":"2025-10-20T21:44:16","date_gmt":"2025-10-20T19:44:16","guid":{"rendered":"https:\/\/noemiugc.sk\/?page_id=39"},"modified":"2025-10-26T09:18:00","modified_gmt":"2025-10-26T08:18:00","slug":"portfolio","status":"publish","type":"page","link":"https:\/\/noemiugc.sk\/index.php\/portfolio\/","title":{"rendered":"Portf\u00f3lio"},"content":{"rendered":"\n<p>U\u017e viac ne\u017e tri roky tvor\u00edm UGC obsah pre zna\u010dky z r\u00f4znych oblast\u00ed \u2013 od kozmetiky, m\u00f3dy a\u017e po detsk\u00fd segment. Moja siln\u00e1 str\u00e1nka je flexibilita a schopnos\u0165 prisp\u00f4sobi\u0165 \u0161t\u00fdl aj t\u00f3n vide\u00ed konkr\u00e9tnej zna\u010dke. Na spr\u00e1vy a pripomienky reagujem r\u00fdchlo, aby bola spolupr\u00e1ca plynul\u00e1 a bez zbyto\u010dn\u00fdch prie\u0165ahov. Ka\u017ed\u00fd projekt beriem profesion\u00e1lne, s d\u00f4razom na detail a v\u00fdsledok, ktor\u00fd podporuje predaj a buduje d\u00f4veru u publika.<\/p>\n\n\n\n<div class=\"wp-block-group alignfull has-global-padding is-layout-constrained wp-container-core-group-is-layout-b25ccd55 wp-block-group-is-layout-constrained\" style=\"margin-top:0;margin-bottom:0;padding-top:var(--wp--preset--spacing--50);padding-right:var(--wp--preset--spacing--50);padding-bottom:var(--wp--preset--spacing--50);padding-left:var(--wp--preset--spacing--50)\">\n<div class=\"wp-block-columns alignwide is-layout-flex wp-container-core-columns-is-layout-ff4b9c61 wp-block-columns-is-layout-flex\" style=\"margin-top:0;margin-bottom:0\">\n<div class=\"wp-block-column is-layout-flow wp-container-core-column-is-layout-8a368f38 wp-block-column-is-layout-flow\">\n<figure class=\"wp-block-image size-large is-style-rounded is-style-rounded--1\"><img alt=\"\" loading=\"lazy\" decoding=\"async\" width=\"768\" height=\"1024\" src=\"https:\/\/noemiugc.sk\/wp-content\/uploads\/2025\/10\/IMG_4867-768x1024.jpg\" alt=\"\" class=\"wp-image-176\" style=\"aspect-ratio:4\/3;object-fit:cover\" srcset=\"https:\/\/noemiugc.sk\/wp-content\/uploads\/2025\/10\/IMG_4867-768x1024.jpg 768w, https:\/\/noemiugc.sk\/wp-content\/uploads\/2025\/10\/IMG_4867-225x300.jpg 225w, https:\/\/noemiugc.sk\/wp-content\/uploads\/2025\/10\/IMG_4867-1152x1536.jpg 1152w, https:\/\/noemiugc.sk\/wp-content\/uploads\/2025\/10\/IMG_4867-1536x2048.jpg 1536w, https:\/\/noemiugc.sk\/wp-content\/uploads\/2025\/10\/IMG_4867-scaled.jpg 1920w\" sizes=\"auto, (max-width: 768px) 100vw, 768px\" \/><\/figure>\n\n\n\n<div style=\"height:var(--wp--preset--spacing--50)\" aria-hidden=\"true\" class=\"wp-block-spacer\"><\/div>\n\n\n\n<figure class=\"wp-block-image size-large is-style-rounded is-style-rounded--2\"><img alt=\"\" loading=\"lazy\" decoding=\"async\" width=\"768\" height=\"1024\" src=\"https:\/\/noemiugc.sk\/wp-content\/uploads\/2025\/10\/IMG_6013-768x1024.jpg\" alt=\"\" class=\"wp-image-174\" style=\"aspect-ratio:3\/4;object-fit:cover\" srcset=\"https:\/\/noemiugc.sk\/wp-content\/uploads\/2025\/10\/IMG_6013-768x1024.jpg 768w, https:\/\/noemiugc.sk\/wp-content\/uploads\/2025\/10\/IMG_6013-225x300.jpg 225w, https:\/\/noemiugc.sk\/wp-content\/uploads\/2025\/10\/IMG_6013-1152x1536.jpg 1152w, https:\/\/noemiugc.sk\/wp-content\/uploads\/2025\/10\/IMG_6013-1536x2048.jpg 1536w, https:\/\/noemiugc.sk\/wp-content\/uploads\/2025\/10\/IMG_6013-scaled.jpg 1920w\" sizes=\"auto, (max-width: 768px) 100vw, 768px\" \/><\/figure>\n<\/div>\n\n\n\n<div class=\"wp-block-column is-layout-flow wp-container-core-column-is-layout-8a368f38 wp-block-column-is-layout-flow\">\n<div style=\"height:var(--wp--preset--spacing--50)\" aria-hidden=\"true\" class=\"wp-block-spacer\"><\/div>\n\n\n\n<figure class=\"wp-block-image size-large is-style-rounded is-style-rounded--3\"><img alt=\"\" loading=\"lazy\" decoding=\"async\" width=\"768\" height=\"1024\" src=\"https:\/\/noemiugc.sk\/wp-content\/uploads\/2025\/10\/IMG_5761-768x1024.jpg\" alt=\"\" class=\"wp-image-175\" style=\"aspect-ratio:3\/4;object-fit:cover\" srcset=\"https:\/\/noemiugc.sk\/wp-content\/uploads\/2025\/10\/IMG_5761-768x1024.jpg 768w, https:\/\/noemiugc.sk\/wp-content\/uploads\/2025\/10\/IMG_5761-225x300.jpg 225w, https:\/\/noemiugc.sk\/wp-content\/uploads\/2025\/10\/IMG_5761-1152x1536.jpg 1152w, https:\/\/noemiugc.sk\/wp-content\/uploads\/2025\/10\/IMG_5761-1536x2048.jpg 1536w, https:\/\/noemiugc.sk\/wp-content\/uploads\/2025\/10\/IMG_5761.jpg 1879w\" sizes=\"auto, (max-width: 768px) 100vw, 768px\" \/><\/figure>\n\n\n\n<div style=\"height:var(--wp--preset--spacing--50)\" aria-hidden=\"true\" class=\"wp-block-spacer\"><\/div>\n\n\n\n<figure class=\"wp-block-image size-large is-style-rounded is-style-rounded--4\"><img alt=\"\" loading=\"lazy\" decoding=\"async\" width=\"580\" height=\"1024\" src=\"https:\/\/noemiugc.sk\/wp-content\/uploads\/2025\/10\/IMG_3137-580x1024.jpg\" alt=\"\" class=\"wp-image-173\" style=\"aspect-ratio:1;object-fit:cover\" srcset=\"https:\/\/noemiugc.sk\/wp-content\/uploads\/2025\/10\/IMG_3137-580x1024.jpg 580w, https:\/\/noemiugc.sk\/wp-content\/uploads\/2025\/10\/IMG_3137-170x300.jpg 170w, https:\/\/noemiugc.sk\/wp-content\/uploads\/2025\/10\/IMG_3137-768x1355.jpg 768w, https:\/\/noemiugc.sk\/wp-content\/uploads\/2025\/10\/IMG_3137-870x1536.jpg 870w, https:\/\/noemiugc.sk\/wp-content\/uploads\/2025\/10\/IMG_3137-1161x2048.jpg 1161w, https:\/\/noemiugc.sk\/wp-content\/uploads\/2025\/10\/IMG_3137.jpg 1206w\" sizes=\"auto, (max-width: 580px) 100vw, 580px\" \/><figcaption class=\"wp-element-caption\">Screenshot<\/figcaption><\/figure>\n<\/div>\n<\/div>\n<\/div>\n\n\n\n<div class=\"wp-block-cover alignwide has-custom-content-position is-position-bottom-left\" style=\"min-height:300px;aspect-ratio:unset;\"><video class=\"wp-block-cover__video-background intrinsic-ignore\" autoplay muted loop playsinline src=\"https:\/\/noemiugc.sk\/wp-content\/uploads\/2025\/10\/Captions_C47462.mp4\" style=\"object-position:60% 49%\" data-object-fit=\"cover\" data-object-position=\"60% 49%\"><\/video><span aria-hidden=\"true\" class=\"wp-block-cover__background has-background-dim\"><\/span><div class=\"wp-block-cover__inner-container is-layout-flow wp-block-cover-is-layout-flow\">\n<p class=\"has-large-font-size\">Be Lenka Ads<\/p>\n<\/div><\/div>\n\n\n\n<div class=\"wp-block-cover alignwide has-custom-content-position is-position-bottom-left\" style=\"min-height:300px;aspect-ratio:unset;\"><video class=\"wp-block-cover__video-background intrinsic-ignore\" autoplay muted loop playsinline src=\"https:\/\/noemiugc.sk\/wp-content\/uploads\/2025\/10\/Captions_B681DE.mp4\" style=\"object-position:59% 44%\" data-object-fit=\"cover\" data-object-position=\"59% 44%\"><\/video><span aria-hidden=\"true\" class=\"wp-block-cover__background has-background-dim\"><\/span><div class=\"wp-block-cover__inner-container is-layout-flow wp-block-cover-is-layout-flow\">\n<p class=\"has-text-align-center has-large-font-size\">Mixit Ads<\/p>\n<\/div><\/div>\n","protected":false},"excerpt":{"rendered":"<p>U\u017e viac ne\u017e tri roky tvor\u00edm UGC obsah pre zna\u010dky z r\u00f4znych oblast\u00ed \u2013 od kozmetiky, m\u00f3dy a\u017e po detsk\u00fd segment. Moja siln\u00e1 str\u00e1nka je flexibilita a schopnos\u0165 prisp\u00f4sobi\u0165 \u0161t\u00fdl aj t\u00f3n vide\u00ed konkr\u00e9tnej zna\u010dke. Na spr\u00e1vy a pripomienky reagujem r\u00fdchlo, aby bola spolupr\u00e1ca plynul\u00e1 a bez zbyto\u010dn\u00fdch prie\u0165ahov. Ka\u017ed\u00fd projekt beriem profesion\u00e1lne, s d\u00f4razom [&hellip;]<\/p>\n","protected":false},"author":1,"featured_media":0,"parent":0,"menu_order":0,"comment_status":"closed","ping_status":"closed","template":"","meta":{"_acf_changed":false,"_seopress_robots_primary_cat":"","_seopress_titles_title":"","_seopress_titles_desc":"","_seopress_robots_index":"","footnotes":""},"class_list":["post-39","page","type-page","status-publish","hentry"],"acf":[],"_links":{"self":[{"href":"https:\/\/noemiugc.sk\/index.php\/wp-json\/wp\/v2\/pages\/39","targetHints":{"allow":["GET"]}}],"collection":[{"href":"https:\/\/noemiugc.sk\/index.php\/wp-json\/wp\/v2\/pages"}],"about":[{"href":"https:\/\/noemiugc.sk\/index.php\/wp-json\/wp\/v2\/types\/page"}],"author":[{"embeddable":true,"href":"https:\/\/noemiugc.sk\/index.php\/wp-json\/wp\/v2\/users\/1"}],"replies":[{"embeddable":true,"href":"https:\/\/noemiugc.sk\/index.php\/wp-json\/wp\/v2\/comments?post=39"}],"version-history":[{"count":17,"href":"https:\/\/noemiugc.sk\/index.php\/wp-json\/wp\/v2\/pages\/39\/revisions"}],"predecessor-version":[{"id":180,"href":"https:\/\/noemiugc.sk\/index.php\/wp-json\/wp\/v2\/pages\/39\/revisions\/180"}],"wp:attachment":[{"href":"https:\/\/noemiugc.sk\/index.php\/wp-json\/wp\/v2\/media?parent=39"}],"curies":[{"name":"wp","href":"https:\/\/api.w.org\/{rel}","templated":true}]}}